{"id":179,"date":"2018-08-28T16:37:24","date_gmt":"2018-08-28T16:37:24","guid":{"rendered":"http:\/\/www.marcajeindustrialalimentario.com\/?post_type=product&#038;p=179"},"modified":"2023-10-10T07:15:02","modified_gmt":"2023-10-10T07:15:02","slug":"precinto-pr1-tiras","status":"publish","type":"product","link":"https:\/\/www.segellexpres.com\/desarrollo\/producto\/precinto-pr1-tiras\/","title":{"rendered":"PRECINTO PR1-TIRAS"},"content":{"rendered":"<p>Precinto PR1-TIRAS de 10 unidades por tira, especiales el sector de la alimentaci\u00f3n (para lomos, embutidos, carnes, pieles o cueros, pescado, desinfecci\u00f3n de camiones\u2026), servicios sanitarios (cl\u00ednicas, hospitales), sector de la jardiner\u00eda (tiestos y maceteros), sector automovil\u00edstico (llaves, armarios, veh\u00edculos\u2026)<\/p>\n<p>Numerados correlativamente o con numeraciones especiales y letras, o con c\u00f3digo de barras, seg\u00fan la necesidad, con capacidad para poner el anagrama o logo de la empresa, el registro sanitario y la numeraci\u00f3n.<\/p>\n<p>Personalizados en termograf\u00eda, inyecci\u00f3n, tampograf\u00eda&#8230;\u00a0<strong><em>Y AHORA MARCADOS CON L\u00c1SER, que no puede ser borrado, grabado en distintos tonos.<\/em><\/strong><\/p>\n<p>Somos fabricantes. Sistema patentado.<\/p>\n<p><strong>Caracter\u00edsticas:<\/strong><\/p>\n<ul>\n<li>Medidas: Tira 120 mm, cartela 29&#215;30 mm,\u00a0largo tira de 10 piezas 34mm<\/li>\n<li>Inyectado: Pl\u00e1stico con aptitud alimentaria.<\/li>\n<li>Fabricado con materiales aptos para la alimentaci\u00f3n<\/li>\n<li>Disponibles en varios colores, blanco, negro, rojo, azul, amarillo. Otros colores consultar.<\/li>\n<li>Solicitar la ficha t\u00e9cnica sanitaria.<\/li>\n<li>Disponemos de Registro Sanitario propio.<\/li>\n<li>Apto para el sector alimentario, sector del transporte, sector sanitario, jardiner\u00eda.<\/li>\n<li>F\u00e1cil de separar las piezas, sin dejar ning\u00fan tipo de residuo.<\/li>\n<li>De sencilla y r\u00e1pida colocaci\u00f3n, dispone de un agujero en la punta para que una vez cerrado se intente abrir, rompa y no pueda ser reutilizado.<\/li>\n<\/ul>\n<p>&nbsp;<\/p>\n","protected":false},"excerpt":{"rendered":"<p>Precinto PR1-TIRAS de 10 unidades, especial para h\u00edgados, v\u00edsceras, cabezas, pieles, cueros, lomos\u2026.etc.\u00a0y muchas otras aplicaciones, para conseguir una perfecta trazabilidad de los productos.<\/p>\n<p>Personalizados en termograf\u00eda, inyecci\u00f3n, tampograf\u00eda&#8230; Y CON L\u00c1SER<\/p>\n<p>Medidas: Tira 120 mm, cartela 29&#215;30, largo tira 34mm<\/p>\n<p>Disponibles en varios colores<\/p>\n<p><em>Somos fabricantes. Sistema patentado.<\/em><\/p>\n","protected":false},"featured_media":181,"template":"","meta":{"_joinchat":[]},"yoast_head":"<!-- This site is optimized with the Yoast SEO plugin v19.7.1 - https:\/\/yoast.com\/wordpress\/plugins\/seo\/ -->\n<title>PRECINTO PR1-TIRAS - Segell Expres - Marcaje Industrial Alimentario<\/title>\n<meta name=\"robots\" content=\"index, follow, max-snippet:-1, max-image-preview:large, max-video-preview:-1\" \/>\n<link rel=\"canonical\" href=\"https:\/\/www.segellexpres.com\/desarrollo\/producto\/precinto-pr1-tiras\/\" \/>\n<meta property=\"og:locale\" content=\"es_ES\" \/>\n<meta property=\"og:type\" content=\"article\" \/>\n<meta property=\"og:title\" content=\"PRECINTO PR1-TIRAS - Segell Expres - Marcaje Industrial Alimentario\" \/>\n<meta property=\"og:description\" content=\"Precinto PR1-TIRAS de 10 unidades, especial para h\u00edgados, v\u00edsceras, cabezas, pieles, cueros, lomos\u2026.etc.\u00a0y muchas otras aplicaciones, para conseguir una perfecta trazabilidad de los productos.  Personalizados en termograf\u00eda, inyecci\u00f3n, tampograf\u00eda... Y CON L\u00c1SER  Medidas: Tira 120 mm, cartela 29x30, largo tira 34mm  Disponibles en varios colores  Somos fabricantes. Sistema patentado.\" \/>\n<meta property=\"og:url\" content=\"https:\/\/www.segellexpres.com\/desarrollo\/producto\/precinto-pr1-tiras\/\" \/>\n<meta property=\"og:site_name\" content=\"Segell Expres - Marcaje Industrial Alimentario\" \/>\n<meta property=\"article:modified_time\" content=\"2023-10-10T07:15:02+00:00\" \/>\n<meta property=\"og:image\" content=\"https:\/\/www.segellexpres.com\/desarrollo\/wp-content\/uploads\/2018\/08\/pr1-tiras-rojo.jpg\" \/>\n\t<meta property=\"og:image:width\" content=\"2080\" \/>\n\t<meta property=\"og:image:height\" content=\"2079\" \/>\n\t<meta property=\"og:image:type\" content=\"image\/jpeg\" \/>\n<meta name=\"twitter:card\" content=\"summary_large_image\" \/>\n<meta name=\"twitter:label1\" content=\"Tiempo de lectura\" \/>\n\t<meta name=\"twitter:data1\" content=\"1 minuto\" \/>\n<script type=\"application\/ld+json\" class=\"yoast-schema-graph\">{\"@context\":\"https:\/\/schema.org\",\"@graph\":[{\"@type\":\"WebPage\",\"@id\":\"https:\/\/www.segellexpres.com\/desarrollo\/producto\/precinto-pr1-tiras\/\",\"url\":\"https:\/\/www.segellexpres.com\/desarrollo\/producto\/precinto-pr1-tiras\/\",\"name\":\"PRECINTO PR1-TIRAS - Segell Expres - Marcaje Industrial Alimentario\",\"isPartOf\":{\"@id\":\"https:\/\/www.segellexpres.com\/desarrollo\/#website\"},\"datePublished\":\"2018-08-28T16:37:24+00:00\",\"dateModified\":\"2023-10-10T07:15:02+00:00\",\"breadcrumb\":{\"@id\":\"https:\/\/www.segellexpres.com\/desarrollo\/producto\/precinto-pr1-tiras\/#breadcrumb\"},\"inLanguage\":\"es\",\"potentialAction\":[{\"@type\":\"ReadAction\",\"target\":[\"https:\/\/www.segellexpres.com\/desarrollo\/producto\/precinto-pr1-tiras\/\"]}]},{\"@type\":\"BreadcrumbList\",\"@id\":\"https:\/\/www.segellexpres.com\/desarrollo\/producto\/precinto-pr1-tiras\/#breadcrumb\",\"itemListElement\":[{\"@type\":\"ListItem\",\"position\":1,\"name\":\"Portada\",\"item\":\"https:\/\/www.segellexpres.com\/\"},{\"@type\":\"ListItem\",\"position\":2,\"name\":\"Productos\",\"item\":\"https:\/\/www.segellexpres.com\/desarrollo\/productos\/\"},{\"@type\":\"ListItem\",\"position\":3,\"name\":\"PRECINTO PR1-TIRAS\"}]},{\"@type\":\"WebSite\",\"@id\":\"https:\/\/www.segellexpres.com\/desarrollo\/#website\",\"url\":\"https:\/\/www.segellexpres.com\/desarrollo\/\",\"name\":\"Segell Expres - Marcaje Industrial Alimentario\",\"description\":\"Material para trazabilidad, precintos de seguridad para mataderos, industrias alimentarias, sellos met\u00e1licos. Marcaje industrial alimentario\",\"publisher\":{\"@id\":\"https:\/\/www.segellexpres.com\/desarrollo\/#organization\"},\"potentialAction\":[{\"@type\":\"SearchAction\",\"target\":{\"@type\":\"EntryPoint\",\"urlTemplate\":\"https:\/\/www.segellexpres.com\/desarrollo\/?s={search_term_string}\"},\"query-input\":\"required name=search_term_string\"}],\"inLanguage\":\"es\"},{\"@type\":\"Organization\",\"@id\":\"https:\/\/www.segellexpres.com\/desarrollo\/#organization\",\"name\":\"Segell Expres - Marcaje Industrial Alimentario\",\"url\":\"https:\/\/www.segellexpres.com\/desarrollo\/\",\"sameAs\":[],\"logo\":{\"@type\":\"ImageObject\",\"inLanguage\":\"es\",\"@id\":\"https:\/\/www.segellexpres.com\/desarrollo\/#\/schema\/logo\/image\/\",\"url\":\"https:\/\/www.segellexpres.com\/desarrollo\/wp-content\/uploads\/2018\/07\/logo-segell_express.png\",\"contentUrl\":\"https:\/\/www.segellexpres.com\/desarrollo\/wp-content\/uploads\/2018\/07\/logo-segell_express.png\",\"width\":290,\"height\":70,\"caption\":\"Segell Expres - Marcaje Industrial Alimentario\"},\"image\":{\"@id\":\"https:\/\/www.segellexpres.com\/desarrollo\/#\/schema\/logo\/image\/\"}}]}<\/script>\n<!-- \/ Yoast SEO plugin. -->","yoast_head_json":{"title":"PRECINTO PR1-TIRAS - Segell Expres - Marcaje Industrial Alimentario","robots":{"index":"index","follow":"follow","max-snippet":"max-snippet:-1","max-image-preview":"max-image-preview:large","max-video-preview":"max-video-preview:-1"},"canonical":"https:\/\/www.segellexpres.com\/desarrollo\/producto\/precinto-pr1-tiras\/","og_locale":"es_ES","og_type":"article","og_title":"PRECINTO PR1-TIRAS - Segell Expres - Marcaje Industrial Alimentario","og_description":"Precinto PR1-TIRAS de 10 unidades, especial para h\u00edgados, v\u00edsceras, cabezas, pieles, cueros, lomos\u2026.etc.\u00a0y muchas otras aplicaciones, para conseguir una perfecta trazabilidad de los productos.  Personalizados en termograf\u00eda, inyecci\u00f3n, tampograf\u00eda... Y CON L\u00c1SER  Medidas: Tira 120 mm, cartela 29x30, largo tira 34mm  Disponibles en varios colores  Somos fabricantes. Sistema patentado.","og_url":"https:\/\/www.segellexpres.com\/desarrollo\/producto\/precinto-pr1-tiras\/","og_site_name":"Segell Expres - Marcaje Industrial Alimentario","article_modified_time":"2023-10-10T07:15:02+00:00","og_image":[{"width":2080,"height":2079,"url":"https:\/\/www.segellexpres.com\/desarrollo\/wp-content\/uploads\/2018\/08\/pr1-tiras-rojo.jpg","type":"image\/jpeg"}],"twitter_card":"summary_large_image","twitter_misc":{"Tiempo de lectura":"1 minuto"},"schema":{"@context":"https:\/\/schema.org","@graph":[{"@type":"WebPage","@id":"https:\/\/www.segellexpres.com\/desarrollo\/producto\/precinto-pr1-tiras\/","url":"https:\/\/www.segellexpres.com\/desarrollo\/producto\/precinto-pr1-tiras\/","name":"PRECINTO PR1-TIRAS - Segell Expres - Marcaje Industrial Alimentario","isPartOf":{"@id":"https:\/\/www.segellexpres.com\/desarrollo\/#website"},"datePublished":"2018-08-28T16:37:24+00:00","dateModified":"2023-10-10T07:15:02+00:00","breadcrumb":{"@id":"https:\/\/www.segellexpres.com\/desarrollo\/producto\/precinto-pr1-tiras\/#breadcrumb"},"inLanguage":"es","potentialAction":[{"@type":"ReadAction","target":["https:\/\/www.segellexpres.com\/desarrollo\/producto\/precinto-pr1-tiras\/"]}]},{"@type":"BreadcrumbList","@id":"https:\/\/www.segellexpres.com\/desarrollo\/producto\/precinto-pr1-tiras\/#breadcrumb","itemListElement":[{"@type":"ListItem","position":1,"name":"Portada","item":"https:\/\/www.segellexpres.com\/"},{"@type":"ListItem","position":2,"name":"Productos","item":"https:\/\/www.segellexpres.com\/desarrollo\/productos\/"},{"@type":"ListItem","position":3,"name":"PRECINTO PR1-TIRAS"}]},{"@type":"WebSite","@id":"https:\/\/www.segellexpres.com\/desarrollo\/#website","url":"https:\/\/www.segellexpres.com\/desarrollo\/","name":"Segell Expres - Marcaje Industrial Alimentario","description":"Material para trazabilidad, precintos de seguridad para mataderos, industrias alimentarias, sellos met\u00e1licos. Marcaje industrial alimentario","publisher":{"@id":"https:\/\/www.segellexpres.com\/desarrollo\/#organization"},"potentialAction":[{"@type":"SearchAction","target":{"@type":"EntryPoint","urlTemplate":"https:\/\/www.segellexpres.com\/desarrollo\/?s={search_term_string}"},"query-input":"required name=search_term_string"}],"inLanguage":"es"},{"@type":"Organization","@id":"https:\/\/www.segellexpres.com\/desarrollo\/#organization","name":"Segell Expres - Marcaje Industrial Alimentario","url":"https:\/\/www.segellexpres.com\/desarrollo\/","sameAs":[],"logo":{"@type":"ImageObject","inLanguage":"es","@id":"https:\/\/www.segellexpres.com\/desarrollo\/#\/schema\/logo\/image\/","url":"https:\/\/www.segellexpres.com\/desarrollo\/wp-content\/uploads\/2018\/07\/logo-segell_express.png","contentUrl":"https:\/\/www.segellexpres.com\/desarrollo\/wp-content\/uploads\/2018\/07\/logo-segell_express.png","width":290,"height":70,"caption":"Segell Expres - Marcaje Industrial Alimentario"},"image":{"@id":"https:\/\/www.segellexpres.com\/desarrollo\/#\/schema\/logo\/image\/"}}]}},"amp_enabled":true,"_links":{"self":[{"href":"https:\/\/www.segellexpres.com\/desarrollo\/wp-json\/wp\/v2\/product\/179"}],"collection":[{"href":"https:\/\/www.segellexpres.com\/desarrollo\/wp-json\/wp\/v2\/product"}],"about":[{"href":"https:\/\/www.segellexpres.com\/desarrollo\/wp-json\/wp\/v2\/types\/product"}],"wp:featuredmedia":[{"embeddable":true,"href":"https:\/\/www.segellexpres.com\/desarrollo\/wp-json\/wp\/v2\/media\/181"}],"wp:attachment":[{"href":"https:\/\/www.segellexpres.com\/desarrollo\/wp-json\/wp\/v2\/media?parent=179"}],"curies":[{"name":"wp","href":"https:\/\/api.w.org\/{rel}","templated":true}]}}